{"id":989,"date":"2023-09-02T18:01:07","date_gmt":"2023-09-02T18:01:07","guid":{"rendered":"http:\/\/www.projectesepia.com\/blog\/?page_id=989"},"modified":"2024-02-23T15:18:52","modified_gmt":"2024-02-23T15:18:52","slug":"descobreix-el-mon-de-la-pesca-artesanal-responsable","status":"publish","type":"page","link":"http:\/\/www.projectesepia.com\/blog\/descobreix-el-mon-de-la-pesca-artesanal-responsable\/","title":{"rendered":"\u00b7Descobreix el m\u00f3n de la pesca artesanal responsable"},"content":{"rendered":"<p>[et_pb_section fb_built=\u00bb1&#8243; fullwidth=\u00bbon\u00bb _builder_version=\u00bb4.22.1&#8243; _module_preset=\u00bbdefault\u00bb min_height=\u00bb760px\u00bb height=\u00bb754px\u00bb max_height=\u00bb769px\u00bb custom_margin=\u00bb||-53px|||\u00bb global_colors_info=\u00bb{}\u00bb][et_pb_fullwidth_image src=\u00bbhttp:\/\/www.projectesepia.com\/blog\/wp-content\/uploads\/2023\/09\/descobreix.png\u00bb title_text=\u00bbdescobreix\u00bb _builder_version=\u00bb4.22.1&#8243; _module_preset=\u00bbdefault\u00bb width=\u00bb100%\u00bb min_height=\u00bb582.2px\u00bb height=\u00bb626px\u00bb max_height=\u00bb1000px\u00bb custom_margin=\u00bb||55px|||\u00bb custom_padding=\u00bb||0px|||\u00bb global_colors_info=\u00bb{}\u00bb][\/et_pb_fullwidth_image][\/et_pb_section][et_pb_section fb_built=\u00bb1&#8243; _builder_version=\u00bb4.22.1&#8243; _module_preset=\u00bbdefault\u00bb custom_padding=\u00bb||0px|||\u00bb global_colors_info=\u00bb{}\u00bb][et_pb_row _builder_version=\u00bb4.22.1&#8243; _module_preset=\u00bbdefault\u00bb custom_padding=\u00bb7px||2px|||\u00bb global_colors_info=\u00bb{}\u00bb][et_pb_column type=\u00bb4_4&#8243; _builder_version=\u00bb4.22.1&#8243; _module_preset=\u00bbdefault\u00bb global_colors_info=\u00bb{}\u00bb][et_pb_heading title=\u00bbDescobreix el m\u00f3n de la pesca artesanal responsable\u00bb _builder_version=\u00bb4.22.1&#8243; _module_preset=\u00bbdefault\u00bb title_font=\u00bb|700|||||||\u00bb title_text_color=\u00bb#E09900&#8243; title_font_size=\u00bb52px\u00bb hover_enabled=\u00bb0&#8243; global_colors_info=\u00bb{}\u00bb title_text_align=\u00bbjustify\u00bb sticky_enabled=\u00bb0&#8243; custom_margin=\u00bb170px|||||\u00bb][\/et_pb_heading][et_pb_text _builder_version=\u00bb4.22.1&#8243; _module_preset=\u00bbdefault\u00bb custom_padding=\u00bb32px|||||\u00bb hover_enabled=\u00bb0&#8243; global_colors_info=\u00bb{}\u00bb header_2_text_align=\u00bbcenter\u00bb sticky_enabled=\u00bb0&#8243;]<\/p>\n<h2>Us interessaria con\u00e8ixer el passat, present i futur de la pesca a l\u2019Estartit? Si la resposta \u00e9s s\u00ed, aquesta \u00e9s la vostra sortida!<\/h2>\n<p>[\/et_pb_text][\/et_pb_column][\/et_pb_row][\/et_pb_section][et_pb_section fb_built=\u00bb1&#8243; _builder_version=\u00bb4.22.1&#8243; _module_preset=\u00bbdefault\u00bb custom_padding=\u00bb||24px|||\u00bb global_colors_info=\u00bb{}\u00bb][et_pb_row _builder_version=\u00bb4.22.1&#8243; _module_preset=\u00bbdefault\u00bb global_colors_info=\u00bb{}\u00bb][et_pb_column type=\u00bb4_4&#8243; _builder_version=\u00bb4.22.1&#8243; _module_preset=\u00bbdefault\u00bb global_colors_info=\u00bb{}\u00bb][et_pb_cta title=\u00bbPropera sortida 27\/03&#8243; button_url=\u00bbhttps:\/\/www.barcanuria.com\/ca\/contactar-amb-barca-nuria\u00bb url_new_window=\u00bbon\u00bb button_text=\u00bbDemana m\u00e9s informaci\u00f3 o reserva la teva pla\u00e7a\u00bb _builder_version=\u00bb4.22.1&#8243; _module_preset=\u00bbdefault\u00bb header_font=\u00bb|800|||||||\u00bb body_font=\u00bb|700|||||||\u00bb body_font_size=\u00bb34px\u00bb body_line_height=\u00bb1.9em\u00bb custom_button=\u00bbon\u00bb button_text_size=\u00bb28px\u00bb button_text_color=\u00bb#FFFFFF\u00bb button_font=\u00bbLato||||||||\u00bb button_icon=\u00bb&#xf578;||fa||900&#8243; global_colors_info=\u00bb{}\u00bb custom_padding=\u00bb28px||25px|||\u00bb][\/et_pb_cta][\/et_pb_column][\/et_pb_row][et_pb_row _builder_version=\u00bb4.22.1&#8243; _module_preset=\u00bbdefault\u00bb custom_padding=\u00bb5px|||||\u00bb global_colors_info=\u00bb{}\u00bb][et_pb_column type=\u00bb4_4&#8243; _builder_version=\u00bb4.22.1&#8243; _module_preset=\u00bbdefault\u00bb global_colors_info=\u00bb{}\u00bb][et_pb_text ul_type=\u00bbcircle\u00bb ul_item_indent=\u00bb73px\u00bb _builder_version=\u00bb4.22.1&#8243; _module_preset=\u00bbdefault\u00bb text_font_size=\u00bb27px\u00bb text_letter_spacing=\u00bb1.5px\u00bb text_line_height=\u00bb1.8em\u00bb ul_text_align=\u00bbleft\u00bb ul_line_height=\u00bb1.8em\u00bb header_4_font=\u00bb|700|||||||\u00bb custom_padding=\u00bb||59px|||\u00bb hover_enabled=\u00bb0&#8243; global_colors_info=\u00bb{}\u00bb sticky_enabled=\u00bb0&#8243;]<\/p>\n<p style=\"text-align: justify;\">Us proposem una activitat \u00fanica que combina la passi\u00f3 per la pesca artesanal responsable amb la bellesa dels paisatges marins del Parc Natural del les illes Medes i el Baix Ter. <span>Acompanyeu-nos a bord de la <a href=\"https:\/\/www.barcanuria.com\/\">barca N\u00faria<\/a><\/span><span>, una antiga barca de pescador, mentre visitem els pescadors artesanals de l\u2019Estartit i gaudim d\u2019una experi\u00e8ncia \u00fanica.<\/span><\/p>\n<p><strong>Detalls de l\u2019activitat<\/strong>:<\/p>\n<ul>\n<li><strong>Dia i hora de trobada<\/strong>: 27 de mar\u00e7 a les 8:30 del mat\u00ed.<\/li>\n<li><strong>Lloc de trobada<\/strong>: port de l&#8217;Estartit<\/li>\n<li><strong>Exploraci\u00f3 de les petites barques de pesca<\/strong>: Aproximarem la N\u00faria a les barques de pesca tradicionals que encara operen a l\u2019Estartit. Veurem com els pescadors treballen i, amb una mica de sort, ens ensenyaran les seves captures.<\/li>\n<li><b>Coneixerem<\/b> el<span>\u00a0<\/span><strong>Projecte S\u00e8pia<\/strong>, una iniciativa per assegurar la reproducci\u00f3 de les s\u00e8pies i afegir juvenils a les poblacions de les badies de Pals i Roses.<\/li>\n<\/ul>\n<p>Aquesta \u00e9s una oportunitat per connectar amb la natura, aprendre sobre la pesca artesanal i gaudir d\u2019un mat\u00ed engrescador al mar. Esperem veure-us a bord de la N\u00faria!<\/p>\n<p>[\/et_pb_text][\/et_pb_column][\/et_pb_row][et_pb_row _builder_version=\u00bb4.22.1&#8243; _module_preset=\u00bbdefault\u00bb custom_padding=\u00bb0px|||||\u00bb global_colors_info=\u00bb{}\u00bb][et_pb_column type=\u00bb4_4&#8243; _builder_version=\u00bb4.22.1&#8243; _module_preset=\u00bbdefault\u00bb global_colors_info=\u00bb{}\u00bb][et_pb_image src=\u00bbhttp:\/\/www.projectesepia.com\/blog\/wp-content\/uploads\/2024\/02\/Calendari-sortides-2024.png\u00bb alt=\u00bbCalendari de sortides 2024&#8243; title_text=\u00bbCalendari sortides 2024&#8243; align=\u00bbcenter\u00bb _builder_version=\u00bb4.22.1&#8243; _module_preset=\u00bbdefault\u00bb global_colors_info=\u00bb{}\u00bb][\/et_pb_image][\/et_pb_column][\/et_pb_row][et_pb_row _builder_version=\u00bb4.22.1&#8243; _module_preset=\u00bbdefault\u00bb global_colors_info=\u00bb{}\u00bb][et_pb_column type=\u00bb4_4&#8243; _builder_version=\u00bb4.22.1&#8243; _module_preset=\u00bbdefault\u00bb global_colors_info=\u00bb{}\u00bb][et_pb_video src=\u00bbhttps:\/\/youtu.be\/kdENU7_LC_U\u00bb _builder_version=\u00bb4.22.1&#8243; _module_preset=\u00bbdefault\u00bb global_colors_info=\u00bb{}\u00bb][\/et_pb_video][\/et_pb_column][\/et_pb_row][et_pb_row column_structure=\u00bb1_2,1_2&#8243; _builder_version=\u00bb4.22.1&#8243; _module_preset=\u00bbdefault\u00bb global_colors_info=\u00bb{}\u00bb][et_pb_column type=\u00bb1_2&#8243; _builder_version=\u00bb4.22.1&#8243; _module_preset=\u00bbdefault\u00bb global_colors_info=\u00bb{}\u00bb][et_pb_icon font_icon=\u00bb&#xe06b;||divi||400&#8243; icon_color=\u00bb#E09900&#8243; icon_width=\u00bb60px\u00bb _builder_version=\u00bb4.22.1&#8243; _module_preset=\u00bbdefault\u00bb global_colors_info=\u00bb{}\u00bb][\/et_pb_icon][et_pb_text _builder_version=\u00bb4.22.1&#8243; _module_preset=\u00bbdefault\u00bb text_font=\u00bb|800|||||||\u00bb hover_enabled=\u00bb0&#8243; global_colors_info=\u00bb{}\u00bb sticky_enabled=\u00bb0&#8243;]<\/p>\n<p style=\"text-align: center;\">Sortides:\u00a0 \u00faltim dimecres de cada mes<\/p>\n<p style=\"text-align: center;\">Sou un grup? Consultan&#8217;s els dies disponibles .<\/p>\n<p>[\/et_pb_text][\/et_pb_column][et_pb_column type=\u00bb1_2&#8243; _builder_version=\u00bb4.22.1&#8243; _module_preset=\u00bbdefault\u00bb global_colors_info=\u00bb{}\u00bb][et_pb_icon font_icon=\u00bb&#xf51e;||fa||900&#8243; icon_color=\u00bb#E09900&#8243; icon_width=\u00bb60px\u00bb _builder_version=\u00bb4.22.1&#8243; _module_preset=\u00bbdefault\u00bb global_colors_info=\u00bb{}\u00bb][\/et_pb_icon][et_pb_text _builder_version=\u00bb4.22.1&#8243; _module_preset=\u00bbdefault\u00bb text_font=\u00bb|800|||||||\u00bb global_colors_info=\u00bb{}\u00bb]<\/p>\n<p style=\"text-align: center;\">Preu adult (majors d\u2019 11 anys): 45\u20ac.<\/p>\n<p style=\"text-align: center;\">Preu menors d\u201911 anys: 25\u20ac.<\/p>\n<p>[\/et_pb_text][\/et_pb_column][\/et_pb_row][et_pb_row _builder_version=\u00bb4.22.1&#8243; _module_preset=\u00bbdefault\u00bb global_colors_info=\u00bb{}\u00bb][et_pb_column type=\u00bb4_4&#8243; _builder_version=\u00bb4.22.1&#8243; _module_preset=\u00bbdefault\u00bb global_colors_info=\u00bb{}\u00bb][et_pb_button button_url=\u00bbhttps:\/\/www.barcanuria.com\/ca\/sortida-amb-pescadors-estartit\u00bb url_new_window=\u00bbon\u00bb button_text=\u00bbReserva la teva pla\u00e7a\u00bb button_alignment=\u00bbcenter\u00bb _builder_version=\u00bb4.22.1&#8243; _module_preset=\u00bbdefault\u00bb custom_button=\u00bbon\u00bb button_text_color=\u00bb#FFFFFF\u00bb button_bg_color=\u00bb#E09900&#8243; button_border_radius=\u00bb28px\u00bb button_font=\u00bbLato|900||on|||||\u00bb animation_style=\u00bbbounce\u00bb global_colors_info=\u00bb{}\u00bb][\/et_pb_button][et_pb_heading title=\u00bbEn col\u00b7laboraci\u00f3 amb:\u00bb _builder_version=\u00bb4.22.1&#8243; _module_preset=\u00bbdefault\u00bb title_font=\u00bb|700|||||||\u00bb title_text_color=\u00bb#E09900&#8243; custom_padding=\u00bb36px|||||\u00bb global_colors_info=\u00bb{}\u00bb][\/et_pb_heading][\/et_pb_column][\/et_pb_row][et_pb_row column_structure=\u00bb1_3,1_3,1_3&#8243; _builder_version=\u00bb4.22.1&#8243; _module_preset=\u00bbdefault\u00bb global_colors_info=\u00bb{}\u00bb][et_pb_column type=\u00bb1_3&#8243; _builder_version=\u00bb4.22.1&#8243; _module_preset=\u00bbdefault\u00bb global_colors_info=\u00bb{}\u00bb][et_pb_image src=\u00bbhttp:\/\/www.projectesepia.com\/blog\/wp-content\/uploads\/2023\/08\/barca-nuria.png\u00bb title_text=\u00bbbarca nuria\u00bb url=\u00bbhttps:\/\/www.barcanuria.com\/\u00bb _builder_version=\u00bb4.22.1&#8243; _module_preset=\u00bbdefault\u00bb hover_enabled=\u00bb0&#8243; global_colors_info=\u00bb{}\u00bb align=\u00bbcenter\u00bb sticky_enabled=\u00bb0&#8243;][\/et_pb_image][\/et_pb_column][et_pb_column type=\u00bb1_3&#8243; _builder_version=\u00bb4.22.1&#8243; _module_preset=\u00bbdefault\u00bb global_colors_info=\u00bb{}\u00bb][et_pb_image src=\u00bbhttp:\/\/www.projectesepia.com\/blog\/wp-content\/uploads\/2023\/08\/empescat.png\u00bb title_text=\u00bbempescat\u00bb url=\u00bbhttps:\/\/empescat.cat\/\u00bb _builder_version=\u00bb4.22.1&#8243; _module_preset=\u00bbdefault\u00bb hover_enabled=\u00bb0&#8243; global_colors_info=\u00bb{}\u00bb sticky_enabled=\u00bb0&#8243;][\/et_pb_image][\/et_pb_column][et_pb_column type=\u00bb1_3&#8243; _builder_version=\u00bb4.22.1&#8243; _module_preset=\u00bbdefault\u00bb global_colors_info=\u00bb{}\u00bb][et_pb_image src=\u00bbhttp:\/\/www.projectesepia.com\/blog\/wp-content\/uploads\/2024\/02\/LOGO-Confraria-de-pescadors-LESTARTIT-300&#215;129-1.jpg\u00bb alt=\u00bbConfraria de pescadors de l&#8217;Estartit\u00bb title_text=\u00bbLOGO-Confraria-de-pescadors-LESTARTIT-300&#215;129&#8243; _builder_version=\u00bb4.22.1&#8243; _module_preset=\u00bbdefault\u00bb global_colors_info=\u00bb{}\u00bb][\/et_pb_image][\/et_pb_column][\/et_pb_row][\/et_pb_section]<\/p>\n","protected":false},"excerpt":{"rendered":"<p>Us interessaria con\u00e8ixer el passat, present i futur de la pesca a l\u2019Estartit? Si la resposta \u00e9s s\u00ed, aquesta \u00e9s la vostra sortida!Us proposem una activitat \u00fanica que combina la passi\u00f3 per la pesca artesanal responsable amb la bellesa dels paisatges marins del Parc Natural del les illes Medes i el Baix Ter. Acompanyeu-nos a [&hellip;]<\/p>\n","protected":false},"author":1,"featured_media":0,"parent":0,"menu_order":0,"comment_status":"closed","ping_status":"closed","template":"","meta":{"_et_pb_use_builder":"on","_et_pb_old_content":"","_et_gb_content_width":"","footnotes":""},"aioseo_notices":[],"_links":{"self":[{"href":"http:\/\/www.projectesepia.com\/blog\/wp-json\/wp\/v2\/pages\/989"}],"collection":[{"href":"http:\/\/www.projectesepia.com\/blog\/wp-json\/wp\/v2\/pages"}],"about":[{"href":"http:\/\/www.projectesepia.com\/blog\/wp-json\/wp\/v2\/types\/page"}],"author":[{"embeddable":true,"href":"http:\/\/www.projectesepia.com\/blog\/wp-json\/wp\/v2\/users\/1"}],"replies":[{"embeddable":true,"href":"http:\/\/www.projectesepia.com\/blog\/wp-json\/wp\/v2\/comments?post=989"}],"version-history":[{"count":12,"href":"http:\/\/www.projectesepia.com\/blog\/wp-json\/wp\/v2\/pages\/989\/revisions"}],"predecessor-version":[{"id":1336,"href":"http:\/\/www.projectesepia.com\/blog\/wp-json\/wp\/v2\/pages\/989\/revisions\/1336"}],"wp:attachment":[{"href":"http:\/\/www.projectesepia.com\/blog\/wp-json\/wp\/v2\/media?parent=989"}],"curies":[{"name":"wp","href":"https:\/\/api.w.org\/{rel}","templated":true}]}}

·Descobreix el món de la pesca artesanal responsable

<p>[et_pb_section fb_built=»1&#8243; fullwidth=»on» _builder_version=»4.22.1&#8243; _module_preset=»default» min_height=»760px» height=»754px» max_height=»769px» custom_margin=»||-53px|||» global_colors_info=»{}»][et_pb_fullwidth_image src=»http://www.projectesepia.com/blog/wp-content/uploads/2023/09/descobreix.png» title_text=»descobreix» _builder_version=»4.22.1&#8243; _module_preset=»default» width=»100%» min_height=»582.2px» height=»626px» max_height=»1000px» custom_margin=»||55px|||» custom_padding=»||0px|||» global_colors_info=»{}»][/et_pb_fullwidth_image][/et_pb_section][et_pb_section fb_built=»1&#8243; _builder_version=»4.22.1&#8243; _module_preset=»default» custom_padding=»||0px|||» global_colors_info=»{}»][et_pb_row _builder_version=»4.22.1&#8243; _module_preset=»default» custom_padding=»7px||2px|||» global_colors_info=»{}»][et_pb_column type=»4_4&#8243; _builder_version=»4.22.1&#8243; _module_preset=»default» global_colors_info=»{}»][et_pb_heading title=»Descobreix el món de la pesca artesanal responsable» _builder_version=»4.22.1&#8243; _module_preset=»default» title_font=»|700|||||||» title_text_color=»#E09900&#8243; title_font_size=»52px» hover_enabled=»0&#8243; global_colors_info=»{}» title_text_align=»justify» sticky_enabled=»0&#8243; custom_margin=»170px|||||»][/et_pb_heading][et_pb_text _builder_version=»4.22.1&#8243; _module_preset=»default» custom_padding=»32px|||||» hover_enabled=»0&#8243; global_colors_info=»{}» header_2_text_align=»center» sticky_enabled=»0&#8243;]</p>
<h2>Us interessaria conèixer el passat, present i futur de la pesca a l’Estartit? Si la resposta és sí, aquesta és la vostra sortida!</h2>
<p>[/et_pb_text][/et_pb_column][/et_pb_row][/et_pb_section][et_pb_section fb_built=»1&#8243; _builder_version=»4.22.1&#8243; _module_preset=»default» custom_padding=»||24px|||» global_colors_info=»{}»][et_pb_row _builder_version=»4.22.1&#8243; _module_preset=»default» global_colors_info=»{}»][et_pb_column type=»4_4&#8243; _builder_version=»4.22.1&#8243; _module_preset=»default» global_colors_info=»{}»][et_pb_cta title=»Propera sortida 27/03&#8243; button_url=»https://www.barcanuria.com/ca/contactar-amb-barca-nuria» url_new_window=»on» button_text=»Demana més informació o reserva la teva plaça» _builder_version=»4.22.1&#8243; _module_preset=»default» header_font=»|800|||||||» body_font=»|700|||||||» body_font_size=»34px» body_line_height=»1.9em» custom_button=»on» button_text_size=»28px» button_text_color=»#FFFFFF» button_font=»Lato||||||||» button_icon=»&#xf578;||fa||900&#8243; global_colors_info=»{}» custom_padding=»28px||25px|||»][/et_pb_cta][/et_pb_column][/et_pb_row][et_pb_row _builder_version=»4.22.1&#8243; _module_preset=»default» custom_padding=»5px|||||» global_colors_info=»{}»][et_pb_column type=»4_4&#8243; _builder_version=»4.22.1&#8243; _module_preset=»default» global_colors_info=»{}»][et_pb_text ul_type=»circle» ul_item_indent=»73px» _builder_version=»4.22.1&#8243; _module_preset=»default» text_font_size=»27px» text_letter_spacing=»1.5px» text_line_height=»1.8em» ul_text_align=»left» ul_line_height=»1.8em» header_4_font=»|700|||||||» custom_padding=»||59px|||» hover_enabled=»0&#8243; global_colors_info=»{}» sticky_enabled=»0&#8243;]</p>
<p style="text-align: justify;">Us proposem una activitat única que combina la passió per la pesca artesanal responsable amb la bellesa dels paisatges marins del Parc Natural del les illes Medes i el Baix Ter. <span>Acompanyeu-nos a bord de la <a href="https://www.barcanuria.com/">barca Núria</a></span><span>, una antiga barca de pescador, mentre visitem els pescadors artesanals de l’Estartit i gaudim d’una experiència única.</span></p>
<p><strong>Detalls de l’activitat</strong>:</p>
<ul>
<li><strong>Dia i hora de trobada</strong>: 27 de març a les 8:30 del matí.</li>
<li><strong>Lloc de trobada</strong>: port de l&#8217;Estartit</li>
<li><strong>Exploració de les petites barques de pesca</strong>: Aproximarem la Núria a les barques de pesca tradicionals que encara operen a l’Estartit. Veurem com els pescadors treballen i, amb una mica de sort, ens ensenyaran les seves captures.</li>
<li><b>Coneixerem</b> el<span> </span><strong>Projecte Sèpia</strong>, una iniciativa per assegurar la reproducció de les sèpies i afegir juvenils a les poblacions de les badies de Pals i Roses.</li>
</ul>
<p>Aquesta és una oportunitat per connectar amb la natura, aprendre sobre la pesca artesanal i gaudir d’un matí engrescador al mar. Esperem veure-us a bord de la Núria!</p>
<p>[/et_pb_text][/et_pb_column][/et_pb_row][et_pb_row _builder_version=»4.22.1&#8243; _module_preset=»default» custom_padding=»0px|||||» global_colors_info=»{}»][et_pb_column type=»4_4&#8243; _builder_version=»4.22.1&#8243; _module_preset=»default» global_colors_info=»{}»][et_pb_image src=»http://www.projectesepia.com/blog/wp-content/uploads/2024/02/Calendari-sortides-2024.png» alt=»Calendari de sortides 2024&#8243; title_text=»Calendari sortides 2024&#8243; align=»center» _builder_version=»4.22.1&#8243; _module_preset=»default» global_colors_info=»{}»][/et_pb_image][/et_pb_column][/et_pb_row][et_pb_row _builder_version=»4.22.1&#8243; _module_preset=»default» global_colors_info=»{}»][et_pb_column type=»4_4&#8243; _builder_version=»4.22.1&#8243; _module_preset=»default» global_colors_info=»{}»][et_pb_video src=»https://youtu.be/kdENU7_LC_U» _builder_version=»4.22.1&#8243; _module_preset=»default» global_colors_info=»{}»][/et_pb_video][/et_pb_column][/et_pb_row][et_pb_row column_structure=»1_2,1_2&#8243; _builder_version=»4.22.1&#8243; _module_preset=»default» global_colors_info=»{}»][et_pb_column type=»1_2&#8243; _builder_version=»4.22.1&#8243; _module_preset=»default» global_colors_info=»{}»][et_pb_icon font_icon=»&#xe06b;||divi||400&#8243; icon_color=»#E09900&#8243; icon_width=»60px» _builder_version=»4.22.1&#8243; _module_preset=»default» global_colors_info=»{}»][/et_pb_icon][et_pb_text _builder_version=»4.22.1&#8243; _module_preset=»default» text_font=»|800|||||||» hover_enabled=»0&#8243; global_colors_info=»{}» sticky_enabled=»0&#8243;]</p>
<p style="text-align: center;">Sortides:  últim dimecres de cada mes</p>
<p style="text-align: center;">Sou un grup? Consultan&#8217;s els dies disponibles .</p>
<p>[/et_pb_text][/et_pb_column][et_pb_column type=»1_2&#8243; _builder_version=»4.22.1&#8243; _module_preset=»default» global_colors_info=»{}»][et_pb_icon font_icon=»&#xf51e;||fa||900&#8243; icon_color=»#E09900&#8243; icon_width=»60px» _builder_version=»4.22.1&#8243; _module_preset=»default» global_colors_info=»{}»][/et_pb_icon][et_pb_text _builder_version=»4.22.1&#8243; _module_preset=»default» text_font=»|800|||||||» global_colors_info=»{}»]</p>
<p style="text-align: center;">Preu adult (majors d’ 11 anys): 45€.</p>
<p style="text-align: center;">Preu menors d’11 anys: 25€.</p>
<p>[/et_pb_text][/et_pb_column][/et_pb_row][et_pb_row _builder_version=»4.22.1&#8243; _module_preset=»default» global_colors_info=»{}»][et_pb_column type=»4_4&#8243; _builder_version=»4.22.1&#8243; _module_preset=»default» global_colors_info=»{}»][et_pb_button button_url=»https://www.barcanuria.com/ca/sortida-amb-pescadors-estartit» url_new_window=»on» button_text=»Reserva la teva plaça» button_alignment=»center» _builder_version=»4.22.1&#8243; _module_preset=»default» custom_button=»on» button_text_color=»#FFFFFF» button_bg_color=»#E09900&#8243; button_border_radius=»28px» button_font=»Lato|900||on|||||» animation_style=»bounce» global_colors_info=»{}»][/et_pb_button][et_pb_heading title=»En col·laboració amb:» _builder_version=»4.22.1&#8243; _module_preset=»default» title_font=»|700|||||||» title_text_color=»#E09900&#8243; custom_padding=»36px|||||» global_colors_info=»{}»][/et_pb_heading][/et_pb_column][/et_pb_row][et_pb_row column_structure=»1_3,1_3,1_3&#8243; _builder_version=»4.22.1&#8243; _module_preset=»default» global_colors_info=»{}»][et_pb_column type=»1_3&#8243; _builder_version=»4.22.1&#8243; _module_preset=»default» global_colors_info=»{}»][et_pb_image src=»http://www.projectesepia.com/blog/wp-content/uploads/2023/08/barca-nuria.png» title_text=»barca nuria» url=»https://www.barcanuria.com/» _builder_version=»4.22.1&#8243; _module_preset=»default» hover_enabled=»0&#8243; global_colors_info=»{}» align=»center» sticky_enabled=»0&#8243;][/et_pb_image][/et_pb_column][et_pb_column type=»1_3&#8243; _builder_version=»4.22.1&#8243; _module_preset=»default» global_colors_info=»{}»][et_pb_image src=»http://www.projectesepia.com/blog/wp-content/uploads/2023/08/empescat.png» title_text=»empescat» url=»https://empescat.cat/» _builder_version=»4.22.1&#8243; _module_preset=»default» hover_enabled=»0&#8243; global_colors_info=»{}» sticky_enabled=»0&#8243;][/et_pb_image][/et_pb_column][et_pb_column type=»1_3&#8243; _builder_version=»4.22.1&#8243; _module_preset=»default» global_colors_info=»{}»][et_pb_image src=»http://www.projectesepia.com/blog/wp-content/uploads/2024/02/LOGO-Confraria-de-pescadors-LESTARTIT-300&#215;129-1.jpg» alt=»Confraria de pescadors de l&#8217;Estartit» title_text=»LOGO-Confraria-de-pescadors-LESTARTIT-300&#215;129&#8243; _builder_version=»4.22.1&#8243; _module_preset=»default» global_colors_info=»{}»][/et_pb_image][/et_pb_column][/et_pb_row][/et_pb_section]</p>

<p>Us interessaria conèixer el passat, present i futur de la pesca a l’Estartit? Si la resposta és sí, aquesta és la vostra sortida!Us proposem una activitat única que combina la passió per la pesca artesanal responsable amb la bellesa dels paisatges marins del Parc Natural del les illes Medes i el Baix Ter. Acompanyeu-nos a [&hellip;]</p>
