{"id":900,"date":"2023-09-02T09:19:22","date_gmt":"2023-09-02T09:19:22","guid":{"rendered":"http:\/\/www.projectesepia.com\/blog\/?page_id=900"},"modified":"2024-01-28T09:19:19","modified_gmt":"2024-01-28T09:19:19","slug":"la-pesca-i-la-preservacio-del-mar-batxillerat","status":"publish","type":"page","link":"http:\/\/www.projectesepia.com\/blog\/la-pesca-i-la-preservacio-del-mar-batxillerat\/","title":{"rendered":"\u00b7La pesca i la preservaci\u00f3 del mar"},"content":{"rendered":"<p>[et_pb_section fb_built=\u00bb1&#8243; _builder_version=\u00bb4.22.1&#8243; _module_preset=\u00bbdefault\u00bb global_colors_info=\u00bb{}\u00bb][et_pb_row _builder_version=\u00bb4.22.1&#8243; _module_preset=\u00bbdefault\u00bb global_colors_info=\u00bb{}\u00bb][et_pb_column type=\u00bb4_4&#8243; _builder_version=\u00bb4.22.1&#8243; _module_preset=\u00bbdefault\u00bb global_colors_info=\u00bb{}\u00bb][et_pb_image src=\u00bbhttp:\/\/www.projectesepia.com\/blog\/wp-content\/uploads\/2024\/01\/batxillerat-e1693645701424.png\u00bb title_text=\u00bbbatxillerat\u00bb _builder_version=\u00bb4.22.1&#8243; _module_preset=\u00bbdefault\u00bb hover_enabled=\u00bb0&#8243; global_colors_info=\u00bb{}\u00bb sticky_enabled=\u00bb0&#8243;][\/et_pb_image][et_pb_heading title=\u00bbLa pesca i la preservaci\u00f3 del mar\u00bb _builder_version=\u00bb4.22.1&#8243; _module_preset=\u00bbdefault\u00bb title_font=\u00bbLato|900|||||||\u00bb title_text_color=\u00bb#a58e62&#8243; title_font_size=\u00bb54px\u00bb custom_margin=\u00bb||-1px|||\u00bb global_colors_info=\u00bb{}\u00bb][\/et_pb_heading][et_pb_heading title=\u00bbBATXILLERAT\u00bb _builder_version=\u00bb4.22.1&#8243; _module_preset=\u00bbdefault\u00bb title_level=\u00bbh2&#8243; title_font=\u00bbLato|900|||||||\u00bb title_font_size=\u00bb31px\u00bb min_height=\u00bb35px\u00bb custom_margin=\u00bb-17px|||||\u00bb global_colors_info=\u00bb{}\u00bb][\/et_pb_heading][\/et_pb_column][\/et_pb_row][et_pb_row column_structure=\u00bb2_5,3_5&#8243; _builder_version=\u00bb4.22.1&#8243; _module_preset=\u00bbdefault\u00bb custom_margin=\u00bb-21px|auto||auto||\u00bb global_colors_info=\u00bb{}\u00bb][et_pb_column type=\u00bb2_5&#8243; _builder_version=\u00bb4.22.1&#8243; _module_preset=\u00bbdefault\u00bb global_colors_info=\u00bb{}\u00bb][et_pb_image src=\u00bbhttp:\/\/www.projectesepia.com\/blog\/wp-content\/uploads\/2024\/01\/pesca2.png\u00bb title_text=\u00bbpesca\u00bb _builder_version=\u00bb4.22.1&#8243; _module_preset=\u00bbdefault\u00bb hover_enabled=\u00bb0&#8243; global_colors_info=\u00bb{}\u00bb sticky_enabled=\u00bb0&#8243;][\/et_pb_image][\/et_pb_column][et_pb_column type=\u00bb3_5&#8243; _builder_version=\u00bb4.22.1&#8243; _module_preset=\u00bbdefault\u00bb global_colors_info=\u00bb{}\u00bb][et_pb_text _builder_version=\u00bb4.22.1&#8243; _module_preset=\u00bbdefault\u00bb text_font_size=\u00bb23px\u00bb text_line_height=\u00bb1.8em\u00bb global_colors_info=\u00bb{}\u00bb]<\/p>\n<p class=\"cvGsUA direction-ltr align-center para-style-body\" style=\"text-align: justify;\"><span class=\"OYPEnA text-decoration-none text-strikethrough-none\">Activitat per con\u00e8ixer de primera m\u00e0 un projecte pioner de conservaci\u00f3 que<\/span><span class=\"OYPEnA text-decoration-none text-strikethrough-none white-space-prewrap\"> <\/span><span class=\"OYPEnA text-decoration-none text-strikethrough-none\">aconsegueix relacionar la millora de la biodiversitat, les condicions de vida dels pescadors artesanals, el consum responsable, la sensibilitzaci\u00f3 ambiental i<\/span><span class=\"OYPEnA text-decoration-none text-strikethrough-none white-space-prewrap\"> <\/span><span class=\"OYPEnA text-decoration-none text-strikethrough-none\">el turisme actiu.<\/span><\/p>\n<p class=\"cvGsUA direction-ltr align-center para-style-body\" style=\"text-align: justify;\"><span class=\"OYPEnA text-decoration-none text-strikethrough-none\">A partir de les explicacions dels experts, i de l&#8217;experi\u00e8ncia de l&#8217;equip, hauran de proposar millores per al projecte. Aquestes les hauran de presentar mitjan\u00e7ant un <\/span><span class=\"OYPEnA text-decoration-none text-strikethrough-none\">reel (v\u00eddeo d&#8217;Instagram)<\/span><span class=\"OYPEnA text-decoration-none text-strikethrough-none\">.<\/span><span class=\"OYPEnA text-decoration-none text-strikethrough-none white-space-prewrap\"> <\/span><\/p>\n<p>[\/et_pb_text][\/et_pb_column][\/et_pb_row][et_pb_row column_structure=\u00bb1_2,1_4,1_4&#8243; _builder_version=\u00bb4.22.1&#8243; _module_preset=\u00bbdefault\u00bb custom_padding=\u00bb27px|||||\u00bb global_colors_info=\u00bb{}\u00bb][et_pb_column type=\u00bb1_2&#8243; _builder_version=\u00bb4.22.1&#8243; _module_preset=\u00bbdefault\u00bb global_colors_info=\u00bb{}\u00bb][et_pb_text _builder_version=\u00bb4.22.1&#8243; _module_preset=\u00bbdefault\u00bb text_font_size=\u00bb19px\u00bb text_line_height=\u00bb1.8em\u00bb header_3_font=\u00bbLato|700|||||||\u00bb header_3_font_size=\u00bb26px\u00bb header_3_line_height=\u00bb1.1em\u00bb custom_padding=\u00bb||5px|||\u00bb global_colors_info=\u00bb{}\u00bb]<\/p>\n<h3><span class=\"OYPEnA text-decoration-none text-strikethrough-none\">Objectius:<\/span><\/h3>\n<p><span class=\"OYPEnA text-decoration-none text-strikethrough-none\"><\/span><\/p>\n<p><span class=\"OYPEnA text-decoration-none text-strikethrough-none\"><\/span><\/p>\n<ul>\n<li><span class=\"OYPEnA text-decoration-none text-strikethrough-none\">Entendre el concepte de pesca artesanal i industrial.<\/span><\/li>\n<li><span class=\"OYPEnA text-decoration-none text-strikethrough-none\">Con\u00e8ixer els diferents arts de pesca artesanals.<\/span><\/li>\n<li style=\"text-align: justify;\"><span class=\"OYPEnA text-decoration-none text-strikethrough-none\">Valorar la feina de pescador i el consum de peix responsable.<\/span><\/li>\n<li style=\"text-align: justify;\"><span class=\"OYPEnA text-decoration-none text-strikethrough-none\">Con\u00e8ixer projectes locals que preservin la biodiversitat i les tradicions.<\/span><\/li>\n<\/ul>\n<p>[\/et_pb_text][\/et_pb_column][et_pb_column type=\u00bb1_4&#8243; _builder_version=\u00bb4.22.1&#8243; _module_preset=\u00bbdefault\u00bb global_colors_info=\u00bb{}\u00bb][et_pb_icon font_icon=\u00bb&#xf1da;||fa||900&#8243; icon_color=\u00bb#a58e62&#8243; icon_width=\u00bb100px\u00bb _builder_version=\u00bb4.22.1&#8243; _module_preset=\u00bbdefault\u00bb custom_margin=\u00bb40px|||||\u00bb global_colors_info=\u00bb{}\u00bb][\/et_pb_icon][et_pb_text _builder_version=\u00bb4.22.1&#8243; _module_preset=\u00bbdefault\u00bb text_font=\u00bb|600|||||||\u00bb text_font_size=\u00bb19px\u00bb text_orientation=\u00bbcenter\u00bb global_colors_info=\u00bb{}\u00bb]<\/p>\n<p><strong>2h i 30m<\/strong><\/p>\n<p>[\/et_pb_text][\/et_pb_column][et_pb_column type=\u00bb1_4&#8243; _builder_version=\u00bb4.22.1&#8243; _module_preset=\u00bbdefault\u00bb global_colors_info=\u00bb{}\u00bb][et_pb_icon font_icon=\u00bb&#xf5a0;||fa||900&#8243; icon_color=\u00bb#a58e62&#8243; icon_width=\u00bb100px\u00bb _builder_version=\u00bb4.22.1&#8243; _module_preset=\u00bbdefault\u00bb custom_margin=\u00bb40px|||||\u00bb global_colors_info=\u00bb{}\u00bb][\/et_pb_icon][et_pb_text _builder_version=\u00bb4.22.1&#8243; _module_preset=\u00bbdefault\u00bb text_font=\u00bb|600|||||||\u00bb text_font_size=\u00bb15px\u00bb global_colors_info=\u00bb{}\u00bb]<\/p>\n<p><strong>Port de l&#8217;Estartit o de l&#8217;Escala<\/strong><\/p>\n<p>[\/et_pb_text][\/et_pb_column][\/et_pb_row][et_pb_row _builder_version=\u00bb4.22.1&#8243; _module_preset=\u00bbdefault\u00bb global_colors_info=\u00bb{}\u00bb][et_pb_column type=\u00bb4_4&#8243; _builder_version=\u00bb4.22.1&#8243; _module_preset=\u00bbdefault\u00bb global_colors_info=\u00bb{}\u00bb][et_pb_button button_url=\u00bbhttp:\/\/www.projectesepia.com\/blog\/wp-content\/uploads\/pdf\/Batxillerat-Fitxa_metodologica_2023_web.pdf\u00bb url_new_window=\u00bbon\u00bb button_text=\u00bbDescarrega la Fitxa Metodol\u00f2gica\u00bb button_alignment=\u00bbcenter\u00bb _builder_version=\u00bb4.22.1&#8243; _module_preset=\u00bbdefault\u00bb custom_button=\u00bbon\u00bb button_text_color=\u00bb#FFFFFF\u00bb button_bg_color=\u00bb#a58e62&#8243; button_border_radius=\u00bb11px\u00bb global_colors_info=\u00bb{}\u00bb][\/et_pb_button][\/et_pb_column][\/et_pb_row][et_pb_row _builder_version=\u00bb4.22.1&#8243; _module_preset=\u00bbdefault\u00bb global_colors_info=\u00bb{}\u00bb][et_pb_column type=\u00bb4_4&#8243; _builder_version=\u00bb4.22.1&#8243; _module_preset=\u00bbdefault\u00bb global_colors_info=\u00bb{}\u00bb][et_pb_image src=\u00bbhttp:\/\/www.projectesepia.com\/blog\/wp-content\/uploads\/2024\/01\/imagen-educasepia-apaisada-fondo-blanco-2.png\u00bb title_text=\u00bbimagen-educasepia-apaisada-fondo-blanco-2&#8243; _builder_version=\u00bb4.22.1&#8243; _module_preset=\u00bbdefault\u00bb hover_enabled=\u00bb0&#8243; global_colors_info=\u00bb{}\u00bb sticky_enabled=\u00bb0&#8243;][\/et_pb_image][\/et_pb_column][\/et_pb_row][\/et_pb_section]<\/p>\n","protected":false},"excerpt":{"rendered":"<p>Activitat per con\u00e8ixer de primera m\u00e0 un projecte pioner de conservaci\u00f3 que aconsegueix relacionar la millora de la biodiversitat, les condicions de vida dels pescadors artesanals, el consum responsable, la sensibilitzaci\u00f3 ambiental i el turisme actiu. A partir de les explicacions dels experts, i de l&#8217;experi\u00e8ncia de l&#8217;equip, hauran de proposar millores per al projecte. [&hellip;]<\/p>\n","protected":false},"author":1,"featured_media":0,"parent":0,"menu_order":0,"comment_status":"closed","ping_status":"closed","template":"","meta":{"_et_pb_use_builder":"on","_et_pb_old_content":"","_et_gb_content_width":"","footnotes":""},"aioseo_notices":[],"_links":{"self":[{"href":"http:\/\/www.projectesepia.com\/blog\/wp-json\/wp\/v2\/pages\/900"}],"collection":[{"href":"http:\/\/www.projectesepia.com\/blog\/wp-json\/wp\/v2\/pages"}],"about":[{"href":"http:\/\/www.projectesepia.com\/blog\/wp-json\/wp\/v2\/types\/page"}],"author":[{"embeddable":true,"href":"http:\/\/www.projectesepia.com\/blog\/wp-json\/wp\/v2\/users\/1"}],"replies":[{"embeddable":true,"href":"http:\/\/www.projectesepia.com\/blog\/wp-json\/wp\/v2\/comments?post=900"}],"version-history":[{"count":12,"href":"http:\/\/www.projectesepia.com\/blog\/wp-json\/wp\/v2\/pages\/900\/revisions"}],"predecessor-version":[{"id":1324,"href":"http:\/\/www.projectesepia.com\/blog\/wp-json\/wp\/v2\/pages\/900\/revisions\/1324"}],"wp:attachment":[{"href":"http:\/\/www.projectesepia.com\/blog\/wp-json\/wp\/v2\/media?parent=900"}],"curies":[{"name":"wp","href":"https:\/\/api.w.org\/{rel}","templated":true}]}}

·La pesca i la preservació del mar

<p>[et_pb_section fb_built=»1&#8243; _builder_version=»4.22.1&#8243; _module_preset=»default» global_colors_info=»{}»][et_pb_row _builder_version=»4.22.1&#8243; _module_preset=»default» global_colors_info=»{}»][et_pb_column type=»4_4&#8243; _builder_version=»4.22.1&#8243; _module_preset=»default» global_colors_info=»{}»][et_pb_image src=»http://www.projectesepia.com/blog/wp-content/uploads/2024/01/batxillerat-e1693645701424.png» title_text=»batxillerat» _builder_version=»4.22.1&#8243; _module_preset=»default» hover_enabled=»0&#8243; global_colors_info=»{}» sticky_enabled=»0&#8243;][/et_pb_image][et_pb_heading title=»La pesca i la preservació del mar» _builder_version=»4.22.1&#8243; _module_preset=»default» title_font=»Lato|900|||||||» title_text_color=»#a58e62&#8243; title_font_size=»54px» custom_margin=»||-1px|||» global_colors_info=»{}»][/et_pb_heading][et_pb_heading title=»BATXILLERAT» _builder_version=»4.22.1&#8243; _module_preset=»default» title_level=»h2&#8243; title_font=»Lato|900|||||||» title_font_size=»31px» min_height=»35px» custom_margin=»-17px|||||» global_colors_info=»{}»][/et_pb_heading][/et_pb_column][/et_pb_row][et_pb_row column_structure=»2_5,3_5&#8243; _builder_version=»4.22.1&#8243; _module_preset=»default» custom_margin=»-21px|auto||auto||» global_colors_info=»{}»][et_pb_column type=»2_5&#8243; _builder_version=»4.22.1&#8243; _module_preset=»default» global_colors_info=»{}»][et_pb_image src=»http://www.projectesepia.com/blog/wp-content/uploads/2024/01/pesca2.png» title_text=»pesca» _builder_version=»4.22.1&#8243; _module_preset=»default» hover_enabled=»0&#8243; global_colors_info=»{}» sticky_enabled=»0&#8243;][/et_pb_image][/et_pb_column][et_pb_column type=»3_5&#8243; _builder_version=»4.22.1&#8243; _module_preset=»default» global_colors_info=»{}»][et_pb_text _builder_version=»4.22.1&#8243; _module_preset=»default» text_font_size=»23px» text_line_height=»1.8em» global_colors_info=»{}»]</p>
<p class="cvGsUA direction-ltr align-center para-style-body" style="text-align: justify;"><span class="OYPEnA text-decoration-none text-strikethrough-none">Activitat per conèixer de primera mà un projecte pioner de conservació que</span><span class="OYPEnA text-decoration-none text-strikethrough-none white-space-prewrap"> </span><span class="OYPEnA text-decoration-none text-strikethrough-none">aconsegueix relacionar la millora de la biodiversitat, les condicions de vida dels pescadors artesanals, el consum responsable, la sensibilització ambiental i</span><span class="OYPEnA text-decoration-none text-strikethrough-none white-space-prewrap"> </span><span class="OYPEnA text-decoration-none text-strikethrough-none">el turisme actiu.</span></p>
<p class="cvGsUA direction-ltr align-center para-style-body" style="text-align: justify;"><span class="OYPEnA text-decoration-none text-strikethrough-none">A partir de les explicacions dels experts, i de l&#8217;experiència de l&#8217;equip, hauran de proposar millores per al projecte. Aquestes les hauran de presentar mitjançant un </span><span class="OYPEnA text-decoration-none text-strikethrough-none">reel (vídeo d&#8217;Instagram)</span><span class="OYPEnA text-decoration-none text-strikethrough-none">.</span><span class="OYPEnA text-decoration-none text-strikethrough-none white-space-prewrap"> </span></p>
<p>[/et_pb_text][/et_pb_column][/et_pb_row][et_pb_row column_structure=»1_2,1_4,1_4&#8243; _builder_version=»4.22.1&#8243; _module_preset=»default» custom_padding=»27px|||||» global_colors_info=»{}»][et_pb_column type=»1_2&#8243; _builder_version=»4.22.1&#8243; _module_preset=»default» global_colors_info=»{}»][et_pb_text _builder_version=»4.22.1&#8243; _module_preset=»default» text_font_size=»19px» text_line_height=»1.8em» header_3_font=»Lato|700|||||||» header_3_font_size=»26px» header_3_line_height=»1.1em» custom_padding=»||5px|||» global_colors_info=»{}»]</p>
<h3><span class="OYPEnA text-decoration-none text-strikethrough-none">Objectius:</span></h3>
<p><span class="OYPEnA text-decoration-none text-strikethrough-none"></span></p>
<p><span class="OYPEnA text-decoration-none text-strikethrough-none"></span></p>
<ul>
<li><span class="OYPEnA text-decoration-none text-strikethrough-none">Entendre el concepte de pesca artesanal i industrial.</span></li>
<li><span class="OYPEnA text-decoration-none text-strikethrough-none">Conèixer els diferents arts de pesca artesanals.</span></li>
<li style="text-align: justify;"><span class="OYPEnA text-decoration-none text-strikethrough-none">Valorar la feina de pescador i el consum de peix responsable.</span></li>
<li style="text-align: justify;"><span class="OYPEnA text-decoration-none text-strikethrough-none">Conèixer projectes locals que preservin la biodiversitat i les tradicions.</span></li>
</ul>
<p>[/et_pb_text][/et_pb_column][et_pb_column type=»1_4&#8243; _builder_version=»4.22.1&#8243; _module_preset=»default» global_colors_info=»{}»][et_pb_icon font_icon=»&#xf1da;||fa||900&#8243; icon_color=»#a58e62&#8243; icon_width=»100px» _builder_version=»4.22.1&#8243; _module_preset=»default» custom_margin=»40px|||||» global_colors_info=»{}»][/et_pb_icon][et_pb_text _builder_version=»4.22.1&#8243; _module_preset=»default» text_font=»|600|||||||» text_font_size=»19px» text_orientation=»center» global_colors_info=»{}»]</p>
<p><strong>2h i 30m</strong></p>
<p>[/et_pb_text][/et_pb_column][et_pb_column type=»1_4&#8243; _builder_version=»4.22.1&#8243; _module_preset=»default» global_colors_info=»{}»][et_pb_icon font_icon=»&#xf5a0;||fa||900&#8243; icon_color=»#a58e62&#8243; icon_width=»100px» _builder_version=»4.22.1&#8243; _module_preset=»default» custom_margin=»40px|||||» global_colors_info=»{}»][/et_pb_icon][et_pb_text _builder_version=»4.22.1&#8243; _module_preset=»default» text_font=»|600|||||||» text_font_size=»15px» global_colors_info=»{}»]</p>
<p><strong>Port de l&#8217;Estartit o de l&#8217;Escala</strong></p>
<p>[/et_pb_text][/et_pb_column][/et_pb_row][et_pb_row _builder_version=»4.22.1&#8243; _module_preset=»default» global_colors_info=»{}»][et_pb_column type=»4_4&#8243; _builder_version=»4.22.1&#8243; _module_preset=»default» global_colors_info=»{}»][et_pb_button button_url=»http://www.projectesepia.com/blog/wp-content/uploads/pdf/Batxillerat-Fitxa_metodologica_2023_web.pdf» url_new_window=»on» button_text=»Descarrega la Fitxa Metodològica» button_alignment=»center» _builder_version=»4.22.1&#8243; _module_preset=»default» custom_button=»on» button_text_color=»#FFFFFF» button_bg_color=»#a58e62&#8243; button_border_radius=»11px» global_colors_info=»{}»][/et_pb_button][/et_pb_column][/et_pb_row][et_pb_row _builder_version=»4.22.1&#8243; _module_preset=»default» global_colors_info=»{}»][et_pb_column type=»4_4&#8243; _builder_version=»4.22.1&#8243; _module_preset=»default» global_colors_info=»{}»][et_pb_image src=»http://www.projectesepia.com/blog/wp-content/uploads/2024/01/imagen-educasepia-apaisada-fondo-blanco-2.png» title_text=»imagen-educasepia-apaisada-fondo-blanco-2&#8243; _builder_version=»4.22.1&#8243; _module_preset=»default» hover_enabled=»0&#8243; global_colors_info=»{}» sticky_enabled=»0&#8243;][/et_pb_image][/et_pb_column][/et_pb_row][/et_pb_section]</p>

<p>Activitat per conèixer de primera mà un projecte pioner de conservació que aconsegueix relacionar la millora de la biodiversitat, les condicions de vida dels pescadors artesanals, el consum responsable, la sensibilització ambiental i el turisme actiu. A partir de les explicacions dels experts, i de l&#8217;experiència de l&#8217;equip, hauran de proposar millores per al projecte. [&hellip;]</p>
