{"id":1464,"date":"2025-07-18T15:32:31","date_gmt":"2025-07-18T15:32:31","guid":{"rendered":"https:\/\/www.projectesepia.com\/blog\/?page_id=1464"},"modified":"2025-07-18T16:46:33","modified_gmt":"2025-07-18T16:46:33","slug":"sepieres-escala-2025","status":"publish","type":"page","link":"http:\/\/www.projectesepia.com\/blog\/experiencies\/sepieres-escala-2025\/","title":{"rendered":"Sepieres Visitables L&#8217;Escala: Descobreix la Vida Marina"},"content":{"rendered":"<p>[et_pb_section fb_built=\u00bb1&#8243; _builder_version=\u00bb4.22.1&#8243; _module_preset=\u00bbdefault\u00bb custom_padding=\u00bb||24px|||\u00bb global_colors_info=\u00bb{}\u00bb][et_pb_row _builder_version=\u00bb4.22.1&#8243; _module_preset=\u00bbdefault\u00bb width=\u00bb101.4%\u00bb max_width=\u00bb1070px\u00bb custom_padding=\u00bb5px|||||\u00bb global_colors_info=\u00bb{}\u00bb][et_pb_column type=\u00bb4_4&#8243; _builder_version=\u00bb4.22.1&#8243; _module_preset=\u00bbdefault\u00bb global_colors_info=\u00bb{}\u00bb][et_pb_text _builder_version=\u00bb4.22.1&#8243; _module_preset=\u00bbdefault\u00bb text_font_size=\u00bb26px\u00bb text_line_height=\u00bb1.8em\u00bb ul_text_align=\u00bbjustify\u00bb ul_font_size=\u00bb27px\u00bb ul_line_height=\u00bb1.5em\u00bb header_4_font=\u00bb|700|||||||\u00bb header_5_font=\u00bb|600|||||||\u00bb header_5_text_color=\u00bb#E09900&#8243; text_orientation=\u00bbjustified\u00bb custom_margin=\u00bb42px|||||\u00bb hover_enabled=\u00bb0&#8243; global_colors_info=\u00bb{}\u00bb sticky_enabled=\u00bb0&#8243; width=\u00bb100%\u00bb custom_padding=\u00bb|43px||54px||\u00bb]<\/p>\n<h2 style=\"text-align: left;\"><b>Les Sepieres Visitables de L&#8217;Escala: Una finestra a la biodiversitat mediterr\u00e0nia<\/b><\/h2>\n<p>&nbsp;<\/p>\n<p>Des del <b>Projecte S\u00e8pia<\/b>, estem emocionats d&#8217;anunciar una nova atracci\u00f3 que et permetr\u00e0 connectar amb la sorprenent vida marina de L&#8217;Escala: les nostres <b>sepieres visitables<\/b>! Aquesta iniciativa ens ajuda a protegir les s\u00e8pies i calamars, alhora que t&#8217;ofereix una finestra \u00fanica a la bellesa oculta del Mediterrani.<\/p>\n<h3><b><\/b><\/h3>\n<h3><b>Qu\u00e8 S\u00f3n les Sepieres Visitables?<\/b><\/h3>\n<p>\u00a0Imagina un hotel de luxe per a les s\u00e8pies i els calamars! Les sepieres s\u00f3n estructures especialment dissenyades per servir com a lloc de posta per a aquests fascinants animals. S\u00f3n com nius submarins on dipositen els seus ous, protegint la futura generaci\u00f3. Amb la seva instal\u00b7laci\u00f3, estem donant un cop de m\u00e0 a la natura per assegurar que aquestes esp\u00e8cies continu\u00efn prosperant a les nostres costes.<\/p>\n<p>&nbsp;<\/p>\n<h3><b>Una Aventura Submarina a l&#8217;abast de Tothom!<\/b><\/h3>\n<p>\u00a0T&#8217;animem a venir i descobrir aquests tresors submarins! La visita \u00e9s completament lliure, per\u00f2 tenim un petit secret per a tu: les <b>millors hores per visitar-les s\u00f3n a primera hora del mat\u00ed o a \u00faltima hora de la tarda<\/b>. En aquests moments, <span style=\"font-size: 26px;\">el mar sol estar m\u00e9s calmat, <\/span><span style=\"font-size: 26px;\">la llum \u00e9s m\u00e9s suau i la vida marina est\u00e0 en plena efervesc\u00e8ncia, oferint-te m\u00e9s possibilitats de fer observacions.<\/span><\/p>\n<p>Amb una mica de sort i paci\u00e8ncia, podr\u00e0s veure de prop un m\u00f3n ple de meravelles:<\/p>\n<ul>\n<li>\n<p><b>Ous de s\u00e8pia i calamar:<\/b> S\u00f3n com petites joies de la natura, penjant delicadament de les estructures.<\/p>\n<\/li>\n<li>\n<p><b>S\u00e8pies adultes:<\/b> Potser tindr\u00e0s l&#8217;oportunitat de veure-les camuflant-se amb mestria o movent-se amb gr\u00e0cia.<\/p>\n<\/li>\n<li>\n<p><b>Cavallets de mar:<\/b> Amb la seva forma \u00fanica, s\u00f3n un dels tresors m\u00e9s buscats! Cerca&#8217;ls entre les algues.<\/p>\n<\/li>\n<li>\n<p><b>Petits peixos de la costa:<\/b> Orades joves i altres peixos locals que utilitzen les sepieres com a llar i refugi.<\/p>\n<\/li>\n<\/ul>\n<p>&nbsp;<\/p>\n<h3 style=\"text-align: left;\"><b>Consells per a una Experi\u00e8ncia Inoblidable i Segura<\/b><\/h3>\n<p>\u00a0Per gaudir al m\u00e0xim i amb total seguretat d&#8217;aquesta aventura:<\/p>\n<ul>\n<li>\n<p>Recorda que tots els <b>menors d&#8217;edat han de venir sempre acompanyats d&#8217;un adult responsable<\/b> i que \u00e9s imprescindible <b>saber nedar<\/b>.<\/p>\n<\/li>\n<li>\n<p>Submergeix-te amb respecte: observa sense tocar, no molestis els animals ni els ous, i ajuda&#8217;ns a mantenir la zona neta.<\/p>\n<\/li>\n<\/ul>\n<p>Des del Projecte S\u00e8pia, creiem que les sepieres de L&#8217;Escala s\u00f3n una forma meravellosa de connectar amb el mar i aprendre sobre la import\u00e0ncia de protegir la nostra biodiversitat.<\/p>\n<p>Vine a viure aquesta experi\u00e8ncia \u00fanica i deixa&#8217;t captivar per la m\u00e0gia de la vida submarina!<\/p>\n<h5><\/h5>\n<h5><\/h5>\n<p>[\/et_pb_text][\/et_pb_column][\/et_pb_row][et_pb_row column_structure=\u00bb1_2,1_2&#8243; _builder_version=\u00bb4.22.1&#8243; _module_preset=\u00bbdefault\u00bb global_colors_info=\u00bb{}\u00bb][et_pb_column type=\u00bb1_2&#8243; _builder_version=\u00bb4.22.1&#8243; _module_preset=\u00bbdefault\u00bb global_colors_info=\u00bb{}\u00bb][et_pb_button url_new_window=\u00bbon\u00bb button_text=\u00bbFullet\u00f3 Sepieres \/ Folleto Sepieras\u00bb button_alignment=\u00bbcenter\u00bb _builder_version=\u00bb4.22.1&#8243; _module_preset=\u00bbdefault\u00bb custom_button=\u00bbon\u00bb button_text_size=\u00bb18px\u00bb button_text_color=\u00bb#FFFFFF\u00bb button_bg_color=\u00bb#E09900&#8243; button_border_width=\u00bb1px\u00bb button_border_radius=\u00bb21px\u00bb hover_enabled=\u00bb0&#8243; global_colors_info=\u00bb{}\u00bb button_url=\u00bbhttp:\/\/www.projectesepia.com\/blog\/wp-content\/uploads\/pdf\/Sepieres_visitables_Escala_2025_catesp.pdf\u00bb sticky_enabled=\u00bb0&#8243;][\/et_pb_button][\/et_pb_column][et_pb_column type=\u00bb1_2&#8243; _builder_version=\u00bb4.22.1&#8243; _module_preset=\u00bbdefault\u00bb global_colors_info=\u00bb{}\u00bb][et_pb_button url_new_window=\u00bbon\u00bb button_text=\u00bbSepia Spawning Ground Brochure \/ Brochure Sepi\u00e8res\u00bb button_alignment=\u00bbcenter\u00bb _builder_version=\u00bb4.22.1&#8243; _module_preset=\u00bbdefault\u00bb custom_button=\u00bbon\u00bb button_text_size=\u00bb18px\u00bb button_text_color=\u00bb#FFFFFF\u00bb button_bg_color=\u00bb#E09900&#8243; button_border_width=\u00bb1px\u00bb button_border_radius=\u00bb21px\u00bb hover_enabled=\u00bb0&#8243; global_colors_info=\u00bb{}\u00bb button_url=\u00bbhttp:\/\/www.projectesepia.com\/blog\/wp-content\/uploads\/pdf\/Sepieres_visitables_Escala_2025_engfr.pdf\u00bb sticky_enabled=\u00bb0&#8243;][\/et_pb_button][\/et_pb_column][\/et_pb_row][et_pb_row _builder_version=\u00bb4.22.1&#8243; _module_preset=\u00bbdefault\u00bb global_colors_info=\u00bb{}\u00bb][et_pb_column type=\u00bb4_4&#8243; _builder_version=\u00bb4.22.1&#8243; _module_preset=\u00bbdefault\u00bb global_colors_info=\u00bb{}\u00bb][et_pb_video src=\u00bbhttps:\/\/youtu.be\/ApV4Vmor0SI\u00bb _builder_version=\u00bb4.22.1&#8243; _module_preset=\u00bbdefault\u00bb global_colors_info=\u00bb{}\u00bb][\/et_pb_video][\/et_pb_column][\/et_pb_row][\/et_pb_section]<\/p>\n","protected":false},"excerpt":{"rendered":"<p>Descobreix les sepieres visitables de l&#8217;Escala amb Projecte S\u00e8pia. Observa ous de s\u00e8pia, calamars i cavallets de mar. Un refugi de biodiversitat marina per a tota la fam\u00edlia.<\/p>\n","protected":false},"author":1,"featured_media":686,"parent":601,"menu_order":0,"comment_status":"closed","ping_status":"closed","template":"","meta":{"_et_pb_use_builder":"on","_et_pb_old_content":"","_et_gb_content_width":"","footnotes":""},"aioseo_notices":[],"_links":{"self":[{"href":"http:\/\/www.projectesepia.com\/blog\/wp-json\/wp\/v2\/pages\/1464"}],"collection":[{"href":"http:\/\/www.projectesepia.com\/blog\/wp-json\/wp\/v2\/pages"}],"about":[{"href":"http:\/\/www.projectesepia.com\/blog\/wp-json\/wp\/v2\/types\/page"}],"author":[{"embeddable":true,"href":"http:\/\/www.projectesepia.com\/blog\/wp-json\/wp\/v2\/users\/1"}],"replies":[{"embeddable":true,"href":"http:\/\/www.projectesepia.com\/blog\/wp-json\/wp\/v2\/comments?post=1464"}],"version-history":[{"count":16,"href":"http:\/\/www.projectesepia.com\/blog\/wp-json\/wp\/v2\/pages\/1464\/revisions"}],"predecessor-version":[{"id":1489,"href":"http:\/\/www.projectesepia.com\/blog\/wp-json\/wp\/v2\/pages\/1464\/revisions\/1489"}],"up":[{"embeddable":true,"href":"http:\/\/www.projectesepia.com\/blog\/wp-json\/wp\/v2\/pages\/601"}],"wp:featuredmedia":[{"embeddable":true,"href":"http:\/\/www.projectesepia.com\/blog\/wp-json\/wp\/v2\/media\/686"}],"wp:attachment":[{"href":"http:\/\/www.projectesepia.com\/blog\/wp-json\/wp\/v2\/media?parent=1464"}],"curies":[{"name":"wp","href":"https:\/\/api.w.org\/{rel}","templated":true}]}}